divided by j(-3).
38
Let z be (24/(-36))/(6/297). Let d = 119 + z. What is the remainder when d is divided by 45?
41
Let d = 179 - 163. What is the remainder when d is divided by 16?
0
Let u = 157 + -138. Suppose -7*j + u*j - 156 = 0. Calculate the remainder when 51 is divided by j.
12
Let m(b) = -12*b + b**2 - 2*b + 27 - 3*b. What is the remainder when m(19) is divided by 18?
11
Let o(q) = -10*q - 19. Let t(w) = w**3 + 22*w**2 - 23*w - 8. Let g be t(-23). Calculate the remainder when o(g) is divided by 13.
9
Suppose -3 = -2*o + 3*o, 267 = 5*a - 4*o. Calculate the remainder when 64 is divided by a.
13
Suppose -x - 23 + 245 = 0. Calculate the remainder when x is divided by 16.
14
Suppose -8*t - 107 + 811 = 0. What is the remainder when 101 is divided by t?
13
Suppose 0 = 4*x - f - 15, x = -2*f + f. Let o(y) = -y**2 + 7*y + 6. Calculate the remainder when o(6) is divided by x.
0
Suppose -3*g + 3*n + 171 = 0, -g + 6 = 5*n - 21. Suppose -5*m = 2*b - 65, 4*m - 5*b - g = -10*b. Let w = 0 + 20. Calculate the remainder when w is divided by m.
7
Let i(j) = -19*j - 26. Let s(y) = -6*y - 9. Let u(o) = 2*i(o) - 7*s(o). Calculate the remainder when u(7) is divided by 14.
11
Let t = -29 + 44. Let h = t + -9. What is the remainder when 9/(-6)*((-1380)/(-9))/(-10) is divided by h?
5
Let i = 7 - -14. Let k = i - 19. Let q(o) = 4*o**2 + 1. What is the remainder when 64 is divided by q(k)?
13
Suppose -3*c + 9 = 0, -4*n + n + 456 = -5*c. What is the remainder when n is divided by 16?
13
Suppose -6*y + 95 = -y. Calculate the remainder when ((-297)/45)/(41/(-10) - -4) is divided by y.
9
Let a = 35 - 89. Calculate the remainder when 20 is divided by ((-2)/3)/(3/a).
8
Let p(t) = -t**2 + 9*t - 9. Let m(g) = 2*g**2 - 17*g + 17. Let l(h) = 2*m(h) + 5*p(h). Calculate the remainder when l(6) is divided by 10.
9
Let n(o) = 7*o + 2. Let d be n(3). Let k = 23 - d. Suppose 5*r - 3*y - 19 = k, -4*r - 6 = -2*y - 22. Calculate the remainder when r is divided by 2.
1
Let n(h) = -5*h + 3. Calculate the remainder when n(-16) is divided by (-2)/(-8) - (-501)/12.
41
Suppose -t - 3*t + 2396 = 0. Suppose -17 = -7*g + t. What is the remainder when g is divided by 23?
19
Let p(i) = 9*i + 73. Let f be p(-7). What is the remainder when 227 + 1/(5/f) is divided by 29?
26
Let v(a) = 2*a. Let r be v(0). Suppose r = -3*x + 9 + 9. What is the remainder when 29 is divided by x?
5
Let r = -33 - -43. Calculate the remainder when 100 is divided by r.
0
Suppose -103 - 185 = -6*q. Suppose q = 2*v - 206. What is the remainder when v is divided by 13?
10
Let d(w) = 11*w + 120. Calculate the remainder when 61 is divided by d(-9).
19
Let c = 287 - 276. What is the remainder when 218 is divided by c?
9
Suppose -9*h - 487 = -1693. What is the remainder when h is divided by 37?
23
Let c(y) = -3*y**2 - 4*y - 9. Let o(j) = j**2. Let m(r) = c(r) + 4*o(r). What is the remainder when 5 is divided by m(6)?
2
Suppose -395*y - 266 = -397*y. Let z be ((-3)/(-9))/(2/354). Suppose -110 = -3*m + 4*a, -4*m + 197 - z = -a. Calculate the remainder when y is divided by m.
31
Let d(x) = x**2 - 2. Let f = 8 - -41. Let y = f + 40. What is the remainder when y is divided by d(-5)?
20
Suppose -z + 6*z - 500 = 0. Suppose 84 = 5*i - 86. What is the remainder when z is divided by i?
32
Suppose -3*r - 276 = -291. Let i = -12 + 18. Suppose -15 = r*c - i*c. What is the remainder when c is divided by 8?
7
Suppose -4*p + 61 - 193 = 0. Calculate the remainder when p/(-3*5/15) is divided by 19.
14
Suppose 5964 = 21*c + 21*c. What is the remainder when 279 is divided by c?
137
Suppose -f - 2*r + 4*r = -17, 2*f + r = 14. Suppose -6*p = -f*p + 63. Calculate the remainder when 80 is divided by p.
17
Let g = -19 + 21. Suppose 5*u + 4*h + 0*h - 120 = 0, u - g*h - 10 = 0. What is the remainder when u is divided by 6?
2
Let v = -226 - -392. What is the remainder when v is divided by 34?
30
What is the remainder when 1/(8 - 9)*-113 is divided by 53?
7
Let z(a) = 3*a + 9. Let m be z(9). Suppose 188 = -m*v + 38*v. What is the remainder when v is divided by 16?
14
Suppose -10 + 2 = -4*h. Suppose -h*k + 3 + 15 = 0. Let r(m) = m**3 + m**2 + 3*m - 3. Calculate the remainder when r(2) is divided by k.
6
Let u(z) = z + 11. Let i be u(-10). Let q be 3 + (-16)/2 + i. Calculate the remainder when (q/6)/((-18)/459) is divided by 5.
2
Let f(n) = -10*n + 242. Suppose 5*m - 75 = 2*m. What is the remainder when f(17) is divided by m?
22
Calculate the remainder when (-19002)/(-46) + 1 + (-50)/46 is divided by 32.
29
Suppose 3953*z - 3961*z + 536 = 0. Calculate the remainder when z is divided by 43.
24
Let n(u) = -2*u**2 + u. Let g be n(2). Let h(y) be the second derivative of y**3/6 + 5*y**2 - 64*y. Calculate the remainder when 15 is divided by h(g).
3
Suppose -q - 3*c = 3, -3*q = -q + c - 19. Let w = -1084 + 1130. What is the remainder when w is divided by q?
10
Suppose -3*o + 4*o = -j + 11, 0 = 5*j + 2*o - 43. What is the remainder when (-270)/(-8) + (-3)/4 is divided by j?
5
Let c = 47 - 44. Suppose 4*y - c*y = q + 20, -3*y + q + 56 = 0. Calculate the remainder when 88 is divided by y.
16
Let z = -102 - -220. Let y = z + -72. Calculate the remainder when 136 is divided by y.
44
Let h be (-2 + 60/16)*20. Suppose -4*y - h + 103 = 0. Calculate the remainder when 83 is divided by y.
15
Let o = -1256 + 1332. Calculate the remainder when o is divided by 44.
32
Calculate the remainder when 23 is divided by 5*(192/15)/4.
7
Let b(i) = 24*i**2 - 41*i + 144. What is the remainder when b(3) is divided by 121?
116
Suppose -6*i - 623 = -4*k - 9*i, i = 3*k - 477. What is the remainder when k is divided by 82?
76
What is the remainder when (-2 - -3) + 516/(0 + 3) is divided by 5?
3
What is the remainder when (-6 - -3)/6 + 31425/50 is divided by 37?
36
Let j = -6398 + 10196. Calculate the remainder when j is divided by 21.
18
Suppose 853 = 5*x + 2*z, -3*z - 833 = 2*x - 7*x. What is the remainder when x is divided by ((-11)/13)/(9/(-459)) - (-14)/(-91)?
40
Suppose 51 + 159 = -7*x. What is the remainder when 48 is divided by ((x/4)/1)/(6/(-8))?
8
Let q = -35 - -89. What is the remainder when q is divided by ((-2)/(-6) - 0)/(23/759)?
10
Suppose 3*u = -15, -q - 3*q + 1401 = -u. Let k = q + -322. What is the remainder when k is divided by (2/10 + -1)*-20?
11
Let b(c) = -c**3 + 2*c**2 + 10*c + 10. What is the remainder when 224 is divided by b(-3)?
24
Let n(x) = -2*x + 18. Let f be n(9). Suppose 3*z - 3*c = 150, 5*z - 2*c + 4*c - 222 = f. What is the remainder when z is divided by 0 - (-2 - -2 - 12)?
10
Let g(f) = f**3 + 6*f**2 - 9*f - 10. Let z be g(-7). Suppose -4*r - 3*s + 356 = 0, -5*r + z*r - 4*s = -89. What is the remainder when r is divided by 26?
11
Let i(p) = 5*p**2 + 3*p + 8. Let m be i(4). Suppose -6*q - m = -5*g - 4*q, 4*q = g - 38. What is the remainder when 69 is divided by g?
15
Calculate the remainder when (27/12)/(-4*3/(-208)) is divided by 41/2 - (-3)/(-6).
19
Suppose -2*l + l + 2 = 0. Suppose 0 = -l*p + p - 3*i + 13, 4*p - 3*i - 7 = 0. Suppose -p*s = -s - 57. What is the remainder when s is divided by 5?
4
Let f = 24 - 16. Suppose -10 = 5*y, f*y = 2*s + 3*y - 46. Suppose 255 = 5*m - 5*b, m = -0*b + 2*b + 50. Calculate the remainder when m is divided by s.
16
Let g be (-4)/3*165/(-10). Suppose -30 = -2*t + g. Suppose 4*k + 4*v - 44 = 0, k - 27 = -2*k - 5*v. Calculate the remainder when t is divided by k.
12
Let r(x) = 3*x - 19. What is the remainder when 285 is divided by r(9)?
5
Let t(w) = -w + 3. What is the remainder when t(-5) is divided by ((-3)/(0 + 3))/(-1) + 2?
2
Suppose 0 = 3*w - 4*s - 43, w - 7 = 3*s + 4. Calculate the remainder when 368 is divided by w.
11
Let r(u) = -u**3 - u**2 + 5*u + 7. Let t be r(-4). Suppose -l = -2*y + 19, 4*l - 13 + t = 2*y. Calculate the remainder when 41 is divided by y.
5
Let l = 23 + 3. Suppose -5*c + 4*z = -210, -c - 194 = -5*c - 2*z. What is the remainder when c is divided by l?
20
Let r(v) be the third derivative of -v**5/60 - v**4/12 + 5*v**3/6 + 6*v**2. Let y be r(-5). Calculate the remainder when -58*(y/5)/4 is divided by 16.
13
Let c be (6 - (-20)/(-6)) + (-2)/3. Suppose 0 = -2*t + 5*g + 4, -c = 3*t - 4*g - 22. Calculate the remainder when 69 is divided by t.
9
Suppose 375*m - 361*m - 840 = 0. What is the remainde